culate h(-55).
75
Let o(u) = -5*u**2 - 1096*u - 4507. Determine o(-215).
8
Let v(z) = -5*z**2 + 399*z - 364. What is v(79)?
-48
Let n(o) = -36*o**2 + 34*o - 37. What is n(2)?
-113
Let h(q) = 818*q**2 + 111995*q - 9732. Determine h(-137).
-5
Let b(r) = -6467*r - 47484. What is b(-7)?
-2215
Let p(u) = 3*u**3 - 419*u**2 + 19*u + 36084. Give p(139).
83
Let a(t) = t**3 - 179*t**2 + 2165*t - 2651. Give a(166).
-1489
Let u(z) = 114*z**2 - 5680*z + 4604. Determine u(49).
-2
Let y(u) = -u**3 - 14*u**2 + 167*u + 2984. What is y(-13)?
644
Let m(b) = 1397*b + 4303. Give m(-3).
112
Let f(b) = 1398*b**2 - 259*b - 3. What is f(0)?
-3
Let t(i) = 27*i**2 - 2979*i + 1001. Determine t(110).
11
Let b(o) = 1879*o - 2147. Determine b(1).
-268
Let g(y) = 22*y + 867. Determine g(-38).
31
Let b(o) = -5*o**3 + 90*o**2 - 16*o + 58. Give b(18).
-230
Let h(y) = 5*y**3 + 45*y**2 - 10303*y - 92726. Determine h(-9).
1
Let n(j) = -113*j**2 - 3486*j + 473. Determine n(-31).
-54
Let i(l) = 41*l**2 - 2798*l + 14010. What is i(5)?
1045
Let t(l) = l**2 + 20*l - 242951. Calculate t(483).
-2
Let p(c) = -583*c**2 - 7584*c - 50. Calculate p(-13).
15
Let n(q) = -q**3 - 18*q**2 + 68*q - 1175. Give n(-23).
-94
Let h(l) = -23*l - 4349. Give h(-191).
44
Let d(m) = 3*m**2 - 2532*m - 10170. Give d(-4).
6
Let y(w) = -w**3 + 77*w**2 + 1506*w - 1771. Give y(93).
-97
Let w(f) = -173935*f**2 - 347877*f - 14. Determine w(-2).
0
Let n(c) = 6517*c - 482412. Calculate n(74).
-154
Let m(w) = -2*w**3 + 86*w**2 - 2*w + 75. Give m(43).
-11
Let y(w) = -2*w**3 - 254*w**2 - 269*w - 2097. What is y(-126)?
45
Let j(t) = 92863*t - 1950123. Calculate j(21).
0
Let w(v) = v**3 - 1514*v**2 - 139084*v + 17659. Calculate w(-87).
-2
Let h(q) = -4*q**3 - 252*q**2 - 9*q - 550. Determine h(-63).
17
Let p(c) = -15*c**2 - 707*c - 303. Calculate p(-45).
1137
Let l(m) = -62976*m + 818707. Calculate l(13).
19
Let s(v) = 24572*v + 49151. Determine s(-2).
7
Let i(o) = -7040*o + 41952. What is i(6)?
-288
Let k(z) = -z**3 + 262*z**2 + 3040*z + 413. Determine k(-11).
6
Let m(h) = -h**2 - 456*h - 51428. Determine m(-211).
267
Let o(w) = w**3 - 184*w**2 + 574*w - 5466. Determine o(181).
145
Let z(v) = -v**3 + 28*v**2 - 170*v + 6052. Calculate z(29).
281
Let d(f) = 319121*f - 6. Give d(0).
-6
Let l(p) = 4442*p + 124436. Determine l(-28).
60
Let i(o) = o**3 + 55*o**2 + 339*o - 233. What is i(-48)?
-377
Let m(l) = l**3 + 179*l**2 - 64089*l - 2511. What is m(-358)?
-5
Let l(k) = -14*k**3 - 262*k**2 + 106*k + 571. Give l(-19).
1
Let u(z) = -487*z + 10591. Calculate u(23).
-610
Let j(i) = 1999*i + 11454. Give j(-8).
-4538
Let x(l) = 28214*l + 282127. Calculate x(-10).
-13
Let p(u) = -54*u**2 + 916*u - 2815. Calculate p(4).
-15
Let h(v) = 116954*v + 701738. Determine h(-6).
14
Let a(k) = 14*k**2 - 6453*k + 739292. Give a(248).
4
Let u(a) = 322*a**2 + 25015*a - 7878. Calculate u(-78).
0
Let q(u) = u**3 - 19*u**2 - 33*u + 124. Determine q(20).
-136
Let m(y) = 2*y**3 - 344*y**2 + 676*y + 674. Give m(170).
-6
Let v(b) = -762525*b - 6862735. Determine v(-9).
-10
Let y(t) = -801*t**2 - 3157*t + 142. Give y(-4).
-46
Let k(n) = 2*n**2 - 271*n - 4552. Give k(151).
129
Let f(u) = 3*u**2 + 4407*u + 56785. Determine f(-13).
1
Let b(z) = z**3 - 32*z**2 - 420*z + 513. Determine b(-11).
-70
Let v(n) = 4724*n + 23519. Determine v(-5).
-101
Let h(c) = -5*c**2 + 353*c - 695. What is h(69)?
-143
Let u(m) = -516*m + 75256. What is u(146)?
-80
Let n(h) = h**2 + 1993*h + 492367. What is n(-289)?
-89
Let n(r) = 46*r**3 + 3*r**2 - 4*r + 15. Give n(-3).
-1188
Let f(l) = -l**3 + 17*l**2 - 21*l + 957. Give f(19).
-164
Let b(d) = -672*d - 20973. Give b(-31).
-141
Let u(z) = -z**3 - 15*z**2 + 45*z + 414. Calculate u(-12).
-558
Let j(v) = -780*v + 69333. Give j(89).
-87
Let q(j) = 3831*j + 1049845. Calculate q(-274).
151
Let t(s) = -s**2 - 916*s - 3648. What is t(-4)?
0
Let s(c) = -920*c - 11692. Determine s(-13).
268
Let w(v) = -377*v + 55. What is w(2)?
-699
Let v(d) = -7579*d + 22740. Calculate v(3).
3
Let h(x) = -2*x**3 + 285*x**2 + 405*x + 4095. What is h(144)?
207
Let x(d) = -348085*d + 5917439. Calculate x(17).
-6
Let p(v) = -14*v**2 + 6892*v - 1928. Calculate p(492).
40
Let f(j) = 2536*j - 233315. Give f(92).
-3
Let c(p) = -6*p**3 + 6*p**2 + 1593*p + 3163. Give c(-2).
49
Let a(y) = -24*y**2 - 56*y + 398. What is a(3)?
14
Let f(j) = 145698*j - 874182. Determine f(6).
6
Let l(k) = -k**3 + 32*k**2 + 285*k - 64. Calculate l(39).
404
Let y(r) = 25*r**2 - 2311*r - 12176. What is y(-5)?
4
Let j(o) = -o**3 + 41*o**2 + 255*o - 11743. Calculate j(40).
57
Let j(y) = -y**3 - 95*y**2 + 1386*y + 809. Calculate j(-108).
2753
Let t(j) = 6586*j - 105587. Determine t(16).
-211
Let w(z) = -27*z**2 - 560*z - 3. Calculate w(-19).
890
Let g(u) = -6*u**3 - u**2 + 7*u - 9. What is g(2)?
-47
Let i(n) = 1787*n + 133. What is i(0)?
133
Let z(k) = 40192*k - 200921. Determine z(5).
39
Let b(f) = 1505*f - 186674. Calculate b(124).
-54
Let t(f) = -10*f**3 + 12*f**2 + 50*f - 142. Give t(2).
-74
Let g(b) = -3*b**2 - 1260*b + 19041. Give g(15).
-534
Let u(p) = 2*p**3 + 23*p**2 - 108*p - 20. Calculate u(5).
265
Let u(b) = 11805*b + 849972. What is u(-72)?
12
Let o(d) = -d**2 - 12*d + 1291. Calculate o(-37).
366
Let p(d) = 5*d**3 - 26*d - 219. Calculate p(-6).
-1143
Let m(q) = 9*q**3 - 2249*q**2 - 274*q + 5674. Give m(250).
-326
Let r(i) = 1116241*i + 3348718. Give r(-3).
-5
Let y(v) = -2*v**2 - 13612*v + 54458. Determine y(4).
-22
Let q(d) = d**2 - 321*d + 21509. What is q(94)?
171
Let z(k) = -7*k**2 - 546*k - 4758. Determine z(-10).
2
Let x(l) = l**3 + 30*l**2 + 63*l - 9. Calculate x(-4).
155
Let h(a) = 27*a**2 + 265*a + 815. Determine h(-6).
197
Let f(h) = 29*h**3 + 27615*h**2 + 6668*h + 3807. What is f(-952)?
-1
Let p(q) = -10*q**2 + 1446*q - 2353. Determine p(143).
-65
Let b(t) = -4082*t - 3933. What is b(-1)?
149
Let d(m) = 182*m**2 + 34421*m + 4338. What is d(-189)?
-9
Let v(a) = -37*a**2 - 1300*a + 430. Give v(-35).
605
Let o(d) = 2*d**2 - 111906*d + 3355384. Determine o(30).
4
Let w(s) = -13*s**3 - 6*s**2 + 2219*s + 6679. Determine w(-3).
319
Let j(v) = 110*v**2 - 920*v + 1391. Calculate j(2).
-9
Let j(a) = 3*a**2 - 1435*a + 49422. Determine j(441).
30
Let d(y) = -y**2 - 86*y + 17629. Determine d(97).
-122
Let a(q) = 1463*q - 1449. Give a(1).
14
Let v(g) = -23*g**2 + 109*g + 812. Give v(11).
-772
Let g(a) = 531*a - 52591. Determine g(99).
-22
Let v(a) = -87228*a - 261771. Give v(-3).
-87
Let g(a) = -a**3 - 154*a**2 - 5758*a - 4962. Give g(-92).
6
Let g(n) = 2*n**3 - 638*n**2 + 1903*n - 2171. Determine g(316).
41
Let d(f) = -9*f**2 - 444*f - 2210. Calculate d(-44).
-98
Let p(d) = 11885*d + 190159. What is p(-16)?
-1
Let k(n) = 448*n**3 - 86*n**2 + 89*n - 3. Calculate k(1).
448
Let u(r) = 182*r + 29553. Calculate u(-164).
-295
Let y(d) = -d**3 - 28*d**2 + 189*d - 718. Calculate y(-35).
1242
Let k(j) = 43*j**2 - 9635*j - 69562. Calculate k(-7).
-10
Let b(j) = -7*j**2 + 790*j + 66. Give b(113).
-47
Let k(w) = -80*w + 1936. Determine k(25).
-64
Let q(g) = 15*g**2 + 462*g - 87. Give q(-31).
6
Let h(j) = 2122*j - 396818. Give h(187).
-4
Let t(r) = -r**3 - 80*r**2 + 265*r - 131. Calculate t(-83).
-1459
Let z(t) = -t**3 - 179*t**2 - 34*t - 4757. What is z(-179)?
1329
Let k(s) = s**3 + 21*s**2 + 116*s + 1890. Determine k(-20).
-30
Let x(s) = -s**2 - 370723*s - 2595016. Calculate x(-7).
-4
Let h(p) = 16*p**2 - 9315*p + 136149. Give h(15).
24
Let v(p) = 67*p - 9692. Calculate v(149).
291
Let m(o) = 2*o**3 + 32*o**2 + 74*o - 284. Determine m(-10).
176
Let g(i) = 35*i**3 + 11*i**2 - 88*i - 198. Determine g(-2).
-258
Let q(g) = 7*g**2 - 577*g + 6910. Calculate q(12).
994
Let s(m) = m**3 + 89*m**2 - 6761*m - 93. Determine s(49).
-44
Let k(n) = 9*n**2 - 1963*n - 66713. Determine k(248).
-1
Let p(d) = -11*d**2 + 618*d - 30. Calculate p(46).
5122
Let n(w) = 3*w**2 - 789*w - 25413. What is n(292)?
-9
Let f(k) = -k**3 - 53*k**2 + 999*k + 3221. Determine f(-67).
-866
Let q(u) = -1901*u + 58847. Determine q(31).
-84
Let m(l) = 45004*l**2 + 225023*l + 9. Calculate m(-5).
-6
Let m(i) = -186674*i + 933365. What is m(5)?
-5
Let i(o) = -6*o**2 + 229*o - 2600. Give i(31).
-1267
Let k(a) = 4*a**3 - 105*a**2 + 42*a - 3272. Give k(27).
49
Let t(b) = 1226*b - 377. Determine t(1).
849
Let z(c) = 6*c**2 - 147*c - 31